{"id":1930,"date":"2025-09-19T14:21:36","date_gmt":"2025-09-19T14:21:36","guid":{"rendered":"https:\/\/anaya.law\/?post_type=area&#038;p=1930"},"modified":"2025-09-19T14:21:36","modified_gmt":"2025-09-19T14:21:36","slug":"derecho-constitucional-amparo","status":"publish","type":"area","link":"https:\/\/anaya.law\/en\/area\/derecho-constitucional-amparo\/","title":{"rendered":"Constitutional Law (Amparo)"},"featured_media":0,"template":"","class_list":["post-1930","area","type-area","status-publish","hentry"],"acf":[],"yoast_head":"<!-- This site is optimized with the Yoast SEO plugin v25.9 - https:\/\/yoast.com\/wordpress\/plugins\/seo\/ -->\n<title>Derecho Constitucional (Amparo) - Anaya e Ib\u00e1\u00f1ez<\/title>\n<meta name=\"robots\" content=\"index, follow, max-snippet:-1, max-image-preview:large, max-video-preview:-1\" \/>\n<link rel=\"canonical\" href=\"https:\/\/anaya.law\/en\/area\/derecho-constitucional-amparo\/\" \/>\n<meta property=\"og:locale\" content=\"en_US\" \/>\n<meta property=\"og:type\" content=\"article\" \/>\n<meta property=\"og:title\" content=\"Derecho Constitucional (Amparo) - Anaya e Ib\u00e1\u00f1ez\" \/>\n<meta property=\"og:url\" content=\"https:\/\/anaya.law\/en\/area\/derecho-constitucional-amparo\/\" \/>\n<meta property=\"og:site_name\" content=\"Anaya e Ib\u00e1\u00f1ez\" \/>\n<meta property=\"article:publisher\" content=\"https:\/\/www.facebook.com\/AnayaAbogados\" \/>\n<meta name=\"twitter:card\" content=\"summary_large_image\" \/>\n<meta name=\"twitter:site\" content=\"@AnayaAbogados\" \/>\n<script type=\"application\/ld+json\" class=\"yoast-schema-graph\">{\"@context\":\"https:\/\/schema.org\",\"@graph\":[{\"@type\":\"WebPage\",\"@id\":\"https:\/\/anaya.law\/area\/derecho-constitucional-amparo\/\",\"url\":\"https:\/\/anaya.law\/area\/derecho-constitucional-amparo\/\",\"name\":\"Derecho Constitucional (Amparo) - Anaya e Ib\u00e1\u00f1ez\",\"isPartOf\":{\"@id\":\"https:\/\/anaya.law\/#website\"},\"datePublished\":\"2025-09-19T14:21:36+00:00\",\"breadcrumb\":{\"@id\":\"https:\/\/anaya.law\/area\/derecho-constitucional-amparo\/#breadcrumb\"},\"inLanguage\":\"en-US\",\"potentialAction\":[{\"@type\":\"ReadAction\",\"target\":[\"https:\/\/anaya.law\/area\/derecho-constitucional-amparo\/\"]}]},{\"@type\":\"BreadcrumbList\",\"@id\":\"https:\/\/anaya.law\/area\/derecho-constitucional-amparo\/#breadcrumb\",\"itemListElement\":[{\"@type\":\"ListItem\",\"position\":1,\"name\":\"Home\",\"item\":\"https:\/\/anaya.law\/\"},{\"@type\":\"ListItem\",\"position\":2,\"name\":\"\u00c1reas\",\"item\":\"https:\/\/anaya.law\/area\/\"},{\"@type\":\"ListItem\",\"position\":3,\"name\":\"Derecho Constitucional (Amparo)\"}]},{\"@type\":\"WebSite\",\"@id\":\"https:\/\/anaya.law\/#website\",\"url\":\"https:\/\/anaya.law\/\",\"name\":\"Anaya e Ib\u00e1\u00f1ez\",\"description\":\"Abogados\",\"publisher\":{\"@id\":\"https:\/\/anaya.law\/#organization\"},\"potentialAction\":[{\"@type\":\"SearchAction\",\"target\":{\"@type\":\"EntryPoint\",\"urlTemplate\":\"https:\/\/anaya.law\/?s={search_term_string}\"},\"query-input\":{\"@type\":\"PropertyValueSpecification\",\"valueRequired\":true,\"valueName\":\"search_term_string\"}}],\"inLanguage\":\"en-US\"},{\"@type\":\"Organization\",\"@id\":\"https:\/\/anaya.law\/#organization\",\"name\":\"Anaya D\u00edaz Ib\u00e1\u00f1ez\",\"url\":\"https:\/\/anaya.law\/\",\"logo\":{\"@type\":\"ImageObject\",\"inLanguage\":\"en-US\",\"@id\":\"https:\/\/anaya.law\/#\/schema\/logo\/image\/\",\"url\":\"https:\/\/anaya.law\/wp-content\/uploads\/2022\/05\/Logo_.svg\",\"contentUrl\":\"https:\/\/anaya.law\/wp-content\/uploads\/2022\/05\/Logo_.svg\",\"width\":1200,\"height\":500,\"caption\":\"Anaya D\u00edaz Ib\u00e1\u00f1ez\"},\"image\":{\"@id\":\"https:\/\/anaya.law\/#\/schema\/logo\/image\/\"},\"sameAs\":[\"https:\/\/www.facebook.com\/AnayaAbogados\",\"https:\/\/x.com\/AnayaAbogados\",\"https:\/\/www.linkedin.com\/company\/anaya-abogados\/\"]}]}<\/script>\n<!-- \/ Yoast SEO plugin. -->","yoast_head_json":{"title":"Derecho Constitucional (Amparo) - Anaya e Ib\u00e1\u00f1ez","robots":{"index":"index","follow":"follow","max-snippet":"max-snippet:-1","max-image-preview":"max-image-preview:large","max-video-preview":"max-video-preview:-1"},"canonical":"https:\/\/anaya.law\/en\/area\/derecho-constitucional-amparo\/","og_locale":"en_US","og_type":"article","og_title":"Derecho Constitucional (Amparo) - Anaya e Ib\u00e1\u00f1ez","og_url":"https:\/\/anaya.law\/en\/area\/derecho-constitucional-amparo\/","og_site_name":"Anaya e Ib\u00e1\u00f1ez","article_publisher":"https:\/\/www.facebook.com\/AnayaAbogados","twitter_card":"summary_large_image","twitter_site":"@AnayaAbogados","schema":{"@context":"https:\/\/schema.org","@graph":[{"@type":"WebPage","@id":"https:\/\/anaya.law\/area\/derecho-constitucional-amparo\/","url":"https:\/\/anaya.law\/area\/derecho-constitucional-amparo\/","name":"Derecho Constitucional (Amparo) - Anaya e Ib\u00e1\u00f1ez","isPartOf":{"@id":"https:\/\/anaya.law\/#website"},"datePublished":"2025-09-19T14:21:36+00:00","breadcrumb":{"@id":"https:\/\/anaya.law\/area\/derecho-constitucional-amparo\/#breadcrumb"},"inLanguage":"en-US","potentialAction":[{"@type":"ReadAction","target":["https:\/\/anaya.law\/area\/derecho-constitucional-amparo\/"]}]},{"@type":"BreadcrumbList","@id":"https:\/\/anaya.law\/area\/derecho-constitucional-amparo\/#breadcrumb","itemListElement":[{"@type":"ListItem","position":1,"name":"Home","item":"https:\/\/anaya.law\/"},{"@type":"ListItem","position":2,"name":"\u00c1reas","item":"https:\/\/anaya.law\/area\/"},{"@type":"ListItem","position":3,"name":"Derecho Constitucional (Amparo)"}]},{"@type":"WebSite","@id":"https:\/\/anaya.law\/#website","url":"https:\/\/anaya.law\/","name":"Anaya e Ib\u00e1\u00f1ez","description":"Abogados","publisher":{"@id":"https:\/\/anaya.law\/#organization"},"potentialAction":[{"@type":"SearchAction","target":{"@type":"EntryPoint","urlTemplate":"https:\/\/anaya.law\/?s={search_term_string}"},"query-input":{"@type":"PropertyValueSpecification","valueRequired":true,"valueName":"search_term_string"}}],"inLanguage":"en-US"},{"@type":"Organization","@id":"https:\/\/anaya.law\/#organization","name":"Anaya D\u00edaz Ib\u00e1\u00f1ez","url":"https:\/\/anaya.law\/","logo":{"@type":"ImageObject","inLanguage":"en-US","@id":"https:\/\/anaya.law\/#\/schema\/logo\/image\/","url":"https:\/\/anaya.law\/wp-content\/uploads\/2022\/05\/Logo_.svg","contentUrl":"https:\/\/anaya.law\/wp-content\/uploads\/2022\/05\/Logo_.svg","width":1200,"height":500,"caption":"Anaya D\u00edaz Ib\u00e1\u00f1ez"},"image":{"@id":"https:\/\/anaya.law\/#\/schema\/logo\/image\/"},"sameAs":["https:\/\/www.facebook.com\/AnayaAbogados","https:\/\/x.com\/AnayaAbogados","https:\/\/www.linkedin.com\/company\/anaya-abogados\/"]}]}},"_links":{"self":[{"href":"https:\/\/anaya.law\/en\/wp-json\/wp\/v2\/area\/1930","targetHints":{"allow":["GET"]}}],"collection":[{"href":"https:\/\/anaya.law\/en\/wp-json\/wp\/v2\/area"}],"about":[{"href":"https:\/\/anaya.law\/en\/wp-json\/wp\/v2\/types\/area"}],"wp:attachment":[{"href":"https:\/\/anaya.law\/en\/wp-json\/wp\/v2\/media?parent=1930"}],"curies":[{"name":"wp","href":"https:\/\/api.w.org\/{rel}","templated":true}]}}

<!-- This site is optimized with the Yoast SEO plugin v25.9 - https://yoast.com/wordpress/plugins/seo/ -->
<title>Derecho Constitucional (Amparo) - Anaya e Ibáñez</title>
<meta name="robots" content="index, follow, max-snippet:-1, max-image-preview:large, max-video-preview:-1" />
<link rel="canonical" href="https://anaya.law/en/area/derecho-constitucional-amparo/" />
<meta property="og:locale" content="en_US" />
<meta property="og:type" content="article" />
<meta property="og:title" content="Derecho Constitucional (Amparo) - Anaya e Ibáñez" />
<meta property="og:url" content="https://anaya.law/en/area/derecho-constitucional-amparo/" />
<meta property="og:site_name" content="Anaya e Ibáñez" />
<meta property="article:publisher" content="https://www.facebook.com/AnayaAbogados" />
<meta name="twitter:card" content="summary_large_image" />
<meta name="twitter:site" content="@AnayaAbogados" />
<script type="application/ld+json" class="yoast-schema-graph">{"@context":"https://schema.org","@graph":[{"@type":"WebPage","@id":"https://anaya.law/area/derecho-constitucional-amparo/","url":"https://anaya.law/area/derecho-constitucional-amparo/","name":"Derecho Constitucional (Amparo) - Anaya e Ibáñez","isPartOf":{"@id":"https://anaya.law/#website"},"datePublished":"2025-09-19T14:21:36+00:00","breadcrumb":{"@id":"https://anaya.law/area/derecho-constitucional-amparo/#breadcrumb"},"inLanguage":"en-US","potentialAction":[{"@type":"ReadAction","target":["https://anaya.law/area/derecho-constitucional-amparo/"]}]},{"@type":"BreadcrumbList","@id":"https://anaya.law/area/derecho-constitucional-amparo/#breadcrumb","itemListElement":[{"@type":"ListItem","position":1,"name":"Home","item":"https://anaya.law/"},{"@type":"ListItem","position":2,"name":"Áreas","item":"https://anaya.law/area/"},{"@type":"ListItem","position":3,"name":"Derecho Constitucional (Amparo)"}]},{"@type":"WebSite","@id":"https://anaya.law/#website","url":"https://anaya.law/","name":"Anaya e Ibáñez","description":"Abogados","publisher":{"@id":"https://anaya.law/#organization"},"potentialAction":[{"@type":"SearchAction","target":{"@type":"EntryPoint","urlTemplate":"https://anaya.law/?s={search_term_string}"},"query-input":{"@type":"PropertyValueSpecification","valueRequired":true,"valueName":"search_term_string"}}],"inLanguage":"en-US"},{"@type":"Organization","@id":"https://anaya.law/#organization","name":"Anaya Díaz Ibáñez","url":"https://anaya.law/","logo":{"@type":"ImageObject","inLanguage":"en-US","@id":"https://anaya.law/#/schema/logo/image/","url":"https://anaya.law/wp-content/uploads/2022/05/Logo_.svg","contentUrl":"https://anaya.law/wp-content/uploads/2022/05/Logo_.svg","width":1200,"height":500,"caption":"Anaya Díaz Ibáñez"},"image":{"@id":"https://anaya.law/#/schema/logo/image/"},"sameAs":["https://www.facebook.com/AnayaAbogados","https://x.com/AnayaAbogados","https://www.linkedin.com/company/anaya-abogados/"]}]}</script>
<!-- / Yoast SEO plugin. -->

Derecho Constitucional (Amparo) - Anaya e Ibáñez

Anaya e Ibáñez

Áreas

Anaya Díaz Ibáñez
